
2
Let m(y) = -7*y**3 + 56*y**2 - 58*y - 156. Let j(c) = -8*c**3 + 58*c**2 - 61*c - 157. Let n(v) = -6*j(v) + 7*m(v). Determine n(43).
-21
Let l(t) = 2*t - t - 9*t**2 + 2*t + 186 + t - 184. Determine l(2).
-26
Suppose 3*d - 42 = 4*l, 0 = 2*d + 2*d - 4*l - 56. Let i be (-7)/d - 21/(-6). Suppose -y + i*y = -16. Let a(q) = -q**3 - 7*q**2 + 8*q + 6. Give a(y).
6
Let b(p) = -5*p - 32. Let s = 1733 + -1738. Calculate b(s).
-7
Suppose 0 = 16*p - 10*p + 876. Let d = 143 + p. Let o(t) be the third derivative of -t**5/60 - 5*t**4/24 - t**3/2 + 4*t**2. What is o(d)?
3
Let x(g) = 42*g**2 + g. Let c(a) = -2*a**2 - 47*a - 53. Let b be c(-31). Let z = 519 + b. Determine x(z).
43
Let n = -95 + 146. Let v be n/(-7) - (-66)/231. Let q(y) = -y**2 - 10*y - 5. Give q(v).
16
Let c(j) = -53. Let f(g) = -g - 100. Let o(y) = 5*c(y) - 2*f(y). Determine o(31).
-3
Let g = -337 - -330. Let x be 2 + g - (-14)/7. Let n(a) be the second derivative of a**3/3 - a**2/2 - a. Calculate n(x).
-7
Let u(j) = -j**2 - 6*j. Let v(c) = c**3 - 4*c**2 - 10*c + 1. Let y be v(7). Suppose -9*q = -22*q - y. Give u(q).
0
Let h be 13*12/39 + (-2)/2. Let c(o) be the second derivative of 0 + 0*o**2 - 2/3*o**h + 23*o - 1/12*o**4. Determine c(-3).
3
Let h(d) = 34*d + 877. Let v be h(-26). Let n(s) be the second derivative of -s**4/12 - 4*s**3/3 - s**2 + s. Calculate n(v).
5
Let a(u) = 9*u**2 - 9*u. Let t(s) = 19*s**2 - 20*s + 1. Let p(r) = 7*a(r) - 3*t(r). Determine p(1).
0
Let b(d) = 642*d**2 + 17*d + 8 - 645*d**2 - 27*d. Give b(1).
-5
Let q be (10 + -14)*(-1)/(-2) + 20. Let z(k) = -33 + 18 + k + q. Determine z(-11).
-8
Let k(o) = 4*o**2 + 9*o + 14. Let p be k(-3). Suppose 7*f = 5*f - 5*c - 5, 4*f = c + p. Let n(a) = -3*a**2 + a**3 - 2*a**3 + 9*a**2 - 4*a - 4. Determine n(f).
1
Let i(g) = -4*g**2 + 4*g - 2. Suppose -36 = -2*v - 5*d, -v - 2*d = 3*v - 40. Suppose 6*j - 4 = v. Give i(j).
-10
Let j be (15/(-6))/(-5)*-10. Let s(m) = -94*m**3 + 33*m**3 - 4*m + 29*m**3 - 5*m**2 + 31*m**3 - m**2. Determine s(j).
-5
Suppose -5 = 4*x - 3*t, 5 = -226*x + 224*x - t. Let o(k) = -9*k**2 - k + 4. Give o(x).
-30
Suppose 0 = -3*s - m - 33 + 50, -2*s + 12 = m. Let c(o) = -o**2 + 14*o - 19. Give c(s).
26
Let t be (-355)/(-45) + (5/(-36) - (-7)/28). Let m(u) = u + 14. Give m(t).
22
Let y(a) be the third derivative of 19*a**6/40 + a**5/60 + a**4/24 + a**3/6 + 289*a**2. Determine y(-1).
-56
Let w(i) = -2*i. Suppose -49*m + 36 = -45*m. Suppose m*r - 12*r + 12 = 0. Calculate w(r).
-8
Let j(g) be the second derivative of -g**5/20 + g**4/12 + g**3/3 + 26*g**2 + 77*g + 14. Determine j(0).
52
Let h(o) be the second derivative of -7*o**3/3 + o**2 - 30*o + 103. Determine h(-5).
72
Let j(d) = 41*d**3 + 76*d**2 + 26*d - 28. Let p(w) = 19*w**3 + 37*w**2 + 12*w - 13. Let r(m) = 6*j(m) - 13*p(m). Give r(-25).
1
Suppose 15196 + 4109 = -13*m. Let z = m + 1480. Let n(g) = 7 - 4*g + g**3 - g + 4*g**2 - 2. Calculate n(z).
5
Suppose 3*v = 5*g - 19 - 31, 5*v = -25. Let y(r) be the third derivative of -r**6/120 + r**5/10 + 7*r**4/24 - 29055*r**2. What is y(g)?
0
Suppose p + 5 = -3. Let n be p + -2*(-1)/(-1). Let i(r) be the first derivative of r**2/2 + 13*r + 13. What is i(n)?
3
Suppose -q = -5*j - 5 + 18, 5*j = 4*q + 37. Let d(i) = 6*i**3 - 5*i**2 + 3*i + 2. Calculate d(j).
6
Let d(m) = -28*m - 63. Suppose 27*o + 3*n = 33*o + 6, 4*o - 5*n = 20. Determine d(o).
77
Let j(v) = 1 - 7 + 0 + 6 + 6 + 8*v - 2*v. Let k be (1 - (-1 + 1))*-6. Calculate j(k).
-30
Let j(q) = 41*q**3 + 6*q**2 - 23*q + 1. Let g(t) = 15*t**3 + t**2 - 7*t + 1. Let f(d) = -11*g(d) + 4*j(d). Determine f(12).
-43
Suppose 7 - 1 = -2*d. Let k = -892 + 959. Let q(z) = -163*z + 95*z + 3 + k*z. Determine q(d).
6
Let o(b) = 130*b + 61. Let t(s) = 145*s + 58. Let y(a) = 7*o(a) - 6*t(a). Give y(-2).
-1
Suppose -10*z - 35 = 5. Let y(x) be the first derivative of -x**4/4 - x**3 + 2*x**2 + 509. Calculate y(z).
0
Let k(p) be the third derivative of 0 + 0*p - 1/60*p**5 - 1/24*p**4 - 26*p**2 + 19/3*p**3. Let q be k(6). Let u(s) = -3*s + 5. Calculate u(q).
17
Let u(d) = 9*d - 402. Let l(v) = 38. Let y(k) = -11*l(k) - u(k). Calculate y(5).
-61
Suppose h + 9 = 4*h. Let w(c) = -11 - 2 + 0*c + 4*c - h*c. Let a = -11875 + 11875. Calculate w(a).
-13
Let l = -8536 - -8543. Let z(u) = -u + 27. What is z(l)?
20
Let v = -235 - -236. Let a(o) = 3*o - 8. Let n be a(v). Let w(t) = 3*t + 11. Calculate w(n).
-4
Let x(f) be the first derivative of -35*f**2 + 562*f - 1871. Give x(8).
2
Suppose -3*z - 12 = 25*a - 23*a, -5*a = 4*z + 9. Let k(m) = 12*m - 25. Calculate k(a).
11
Let b(n) = -n**2 + 29*n - 206. Suppose -10 = -2*o + 5*p, -72*o - p + 19 = -71*o. Determine b(o).
4
Let x(i) = 9*i - 14. Suppose 155*b - 1850 = -30*b. Give x(b).
76
Let s(b) = b**2 + 13*b - 6. Let y(m) = 1. Suppose -49*k + 6 = -46*k. Let p(w) = k*y(w) + s(w). What is p(-14)?
10
Let x(p) = -14. Let d(q) = 1. Let t(b) = 3*d(b) + x(b). Let w = 10283 - 10284. Let c(v) = v + 1. Let r(a) = w*t(a) - 5*c(a). Calculate r(6).
-24
Let r be (19 + 117/(-6))*6. Let m(i) = 2*i**2 + 16*i + 50. Give m(r).
20
Let z(p) = 7*p**3 + 4*p**2 - p + 4. Let g(v) = -4*v**3 - 2*v**2 - 2. Let n(q) = 5*g(q) + 3*z(q). Suppose 4*t - 24 = 4*o, 0 = -2*o + t - 16 + 6. Calculate n(o).
-18
Suppose -10*z = -15*z + 190. Let u(x) = x**3 - 39*x**2 + 37*x + 38. Determine u(z).
0
Let i(m) = -12*m**3 + 16*m**2 + 34*m - 15. Let p(l) = -5*l**3 + 8*l**2 + 16*l - 8. Let k(z) = -3*i(z) + 7*p(z). What is k(-6)?
1
Let u(f) = 2*f - 8. Let j(c) = -22*c**2 + 16*c**2 + 7*c + 3*c**2 + 12 + c**3 - 6*c**2 + 3. Let t = -9 + 17. Let s be j(t). Determine u(s).
6
Let h(x) = -x**2 + 5*x - 38. Let n = 41120 + -41112. Give h(n).
-62
Let y(u) = 6*u**2 - 3*u + 43. Let h(o) = 3 + 8 + 6*o**2 + 23 - 3*o + 8. Let x(q) = 3*h(q) - 2*y(q). Let c(v) be the first derivative of x(v). Give c(2).
21
Suppose -5*a = 5*b - 3955, -4*a - 363 = -2*b + 1225. Suppose -53*y = 13*y - b. Let n(t) = -t**3 + 13*t**2 - 11*t - 9. Determine n(y).
3
Let s(x) be the second derivative of -x**4/12 + 3*x**3 - 9*x**2/2 - 1037*x. Give s(17).
8
Let c(x) = -x**2 + 2*x + 26. Let h = 2155 + -2149. Determine c(h).
2
Let g(f) be the first derivative of -f**7/420 + f**5/120 - f**4/12 + 94*f**3 + 164. Let r(b) be the third derivative of g(b). Determine r(-3).
49
Suppose -2*h = -3*h - 5, -f - 5*h = 25. Let j(p) = -28*p + 48*p + 6 - 8*p - 14 - 11*p. Determine j(f).
-8
Let p be (-62)/12 - -1*(6 + 0). Let j(s) be the second derivative of 0 - 5/12*s**4 - 9*s - 1/2*s**2 - 1/20*s**5 + p*s**3. Determine j(-6).
5
Let q(p) be the second derivative of 1/3*p**4 + p**2 + 114 + 0*p**3 + p. Determine q(-2).
18
Let r(d) = 2*d**2 + 16*d + 13. Let p be r(-5). Let g(a) = a + 18. Give g(p).
1
Suppose 4*x + 55 = -5*n - 11, -3*x - 57 = 5*n. Let m(u) = u**2 - 8*u - 158. Calculate m(x).
-5
Let u(z) = -20 - 8*z**3 + 37*z**2 + 0*z**3 - 6*z**3 + 15*z**3 - 20*z**2. Determine u(-17).
-20
Let k(a) = -8*a + 58. Let d be k(7). Let r(b) = -4*b - 4 + 7*b - d*b + 2. Suppose -4*g + 6 = -3*g. Determine r(g).
4
Let u(h) = 3*h**3 + 4*h**2 + 3*h + 2. Let b be ((-6)/4)/((-4)/80). Let c = -427 - -395. Let w = b + c. Give u(w).
-12
Let w = -126 - -122. Let j be (w + 2)/(1/(-6)). Let g(z) = z**3 - 11*z**2 - 13*z + 10. Determine g(j).
-2
Let i(c) = -15 - 5*c + c + c. Suppose 0 = 9*q - 3*q + 36*q + 294. Calculate i(q).
6
Suppose -8*d = -106 - 118. Let o = d + -26. Let p(n) = -2*n**2 - n - 4. Let y(g) = -g - 1. Let s(m) = p(m) - 3*y(m). Give s(o).
-5
Suppose 18*r - 77 - 7447 = 0. Let m = 428 - r. Let g(i) = i**2 - 10*i - 2. Determine g(m).
-2
Let o(h) be the third derivative of h**4/12 + h**3/3 + 16352*h**2. Suppose s - 3 + 1 = 0. Let r be s/(-4) + (-21)/6. Determine o(r).
-6
Suppose 0 = 6*s - 2*s - 20. Suppose -s*w - 33 = -4*g, -g + w + 7 = -0*w. Let o(q) = -5*q - 7*q + 8*q + 6*q - g. What is o(3)?
4
Let j(h) = 5*h - 4. Let p(u) = 2*u. Let k(t) = -j(t) + 2*p(t). Let n be (-34)/153 + 58/18. Calculate k(n).
1
Let h(z) = -z**3 - 5*z**2 + 5*z - 2. Let a = 58 + -28. Let g = 557 + -521. Let v = a - g. Give h(v).
4
Let n = -30270 - -30312. Let k(f) = -f**2 + 43*f - 36. What is k(n)?
6
Let n(w) = w**2 + 9*w + 10. Suppose u + 125 = -3*c, 5*c + 4*u = -u - 205. Let h = -42 - c. Suppose 8 = -o - h*o. What is n(o)?
2
Let u(i) = -i**3 - 5*i**2 - i - 6. Let s be u(-5). Let o(n) = -28*n**2 - 16*n - 5. 